{"id":924,"date":"2021-05-01T18:43:59","date_gmt":"2021-05-01T16:43:59","guid":{"rendered":"https:\/\/crea-experience.com\/?page_id=924"},"modified":"2021-05-01T18:44:00","modified_gmt":"2021-05-01T16:44:00","slug":"identite-de-marque","status":"publish","type":"page","link":"https:\/\/crea-experience.com\/index.php\/identite-de-marque\/","title":{"rendered":"Identit\u00e9 de marque"},"content":{"rendered":"","protected":false},"excerpt":{"rendered":"","protected":false},"author":2,"featured_media":0,"parent":0,"menu_order":0,"comment_status":"closed","ping_status":"closed","template":"","meta":{"inline_featured_image":false,"ocean_post_layout":"","ocean_both_sidebars_style":"","ocean_both_sidebars_content_width":0,"ocean_both_sidebars_sidebars_width":0,"ocean_sidebar":"0","ocean_second_sidebar":"0","ocean_disable_margins":"enable","ocean_add_body_class":"","ocean_shortcode_before_top_bar":"","ocean_shortcode_after_top_bar":"","ocean_shortcode_before_header":"","ocean_shortcode_after_header":"","ocean_has_shortcode":"","ocean_shortcode_after_title":"","ocean_shortcode_before_footer_widgets":"","ocean_shortcode_after_footer_widgets":"","ocean_shortcode_before_footer_bottom":"","ocean_shortcode_after_footer_bottom":"","ocean_display_top_bar":"default","ocean_display_header":"default","ocean_header_style":"","ocean_center_header_left_menu":"0","ocean_custom_header_template":"0","ocean_custom_logo":0,"ocean_custom_retina_logo":0,"ocean_custom_logo_max_width":0,"ocean_custom_logo_tablet_max_width":0,"ocean_custom_logo_mobile_max_width":0,"ocean_custom_logo_max_height":0,"ocean_custom_logo_tablet_max_height":0,"ocean_custom_logo_mobile_max_height":0,"ocean_header_custom_menu":"0","ocean_menu_typo_font_family":"0","ocean_menu_typo_font_subset":"","ocean_menu_typo_font_size":0,"ocean_menu_typo_font_size_tablet":0,"ocean_menu_typo_font_size_mobile":0,"ocean_menu_typo_font_size_unit":"px","ocean_menu_typo_font_weight":"","ocean_menu_typo_font_weight_tablet":"","ocean_menu_typo_font_weight_mobile":"","ocean_menu_typo_transform":"","ocean_menu_typo_transform_tablet":"","ocean_menu_typo_transform_mobile":"","ocean_menu_typo_line_height":0,"ocean_menu_typo_line_height_tablet":0,"ocean_menu_typo_line_height_mobile":0,"ocean_menu_typo_line_height_unit":"","ocean_menu_typo_spacing":0,"ocean_menu_typo_spacing_tablet":0,"ocean_menu_typo_spacing_mobile":0,"ocean_menu_typo_spacing_unit":"","ocean_menu_link_color":"","ocean_menu_link_color_hover":"","ocean_menu_link_color_active":"","ocean_menu_link_background":"","ocean_menu_link_hover_background":"","ocean_menu_link_active_background":"","ocean_menu_social_links_bg":"","ocean_menu_social_hover_links_bg":"","ocean_menu_social_links_color":"","ocean_menu_social_hover_links_color":"","ocean_disable_title":"default","ocean_disable_heading":"default","ocean_post_title":"","ocean_post_subheading":"","ocean_post_title_style":"","ocean_post_title_background_color":"","ocean_post_title_background":0,"ocean_post_title_bg_image_position":"","ocean_post_title_bg_image_attachment":"","ocean_post_title_bg_image_repeat":"","ocean_post_title_bg_image_size":"","ocean_post_title_height":0,"ocean_post_title_bg_overlay":0.5,"ocean_post_title_bg_overlay_color":"","ocean_disable_breadcrumbs":"default","ocean_breadcrumbs_color":"","ocean_breadcrumbs_separator_color":"","ocean_breadcrumbs_links_color":"","ocean_breadcrumbs_links_hover_color":"","ocean_display_footer_widgets":"default","ocean_display_footer_bottom":"default","ocean_custom_footer_template":"0","footnotes":""},"class_list":["post-924","page","type-page","status-publish","hentry","entry"],"yoast_head":"<!-- This site is optimized with the Yoast SEO plugin v21.5 - https:\/\/yoast.com\/wordpress\/plugins\/seo\/ -->\n<title>Cr\u00e9ation d&#039;une identit\u00e9 de marque - Cr\u00e9a&#039;Exp\u00e9rience<\/title>\n<meta name=\"description\" content=\"Cr\u00e9a&#039;Exp\u00e9rience vous accompagne dans chaque \u00e9tape de la cr\u00e9ation de votre identit\u00e9 de marque : cr\u00e9ation de logo, cr\u00e9ation de votre nom, etc...\" \/>\n<meta name=\"robots\" content=\"index, follow, max-snippet:-1, max-image-preview:large, max-video-preview:-1\" \/>\n<link rel=\"canonical\" href=\"https:\/\/crea-experience.com\/index.php\/identite-de-marque\/\" \/>\n<meta property=\"og:locale\" content=\"fr_FR\" \/>\n<meta property=\"og:type\" content=\"article\" \/>\n<meta property=\"og:title\" content=\"Cr\u00e9ation d&#039;une identit\u00e9 de marque - Cr\u00e9a&#039;Exp\u00e9rience\" \/>\n<meta property=\"og:description\" content=\"Cr\u00e9a&#039;Exp\u00e9rience vous accompagne dans chaque \u00e9tape de la cr\u00e9ation de votre identit\u00e9 de marque : cr\u00e9ation de logo, cr\u00e9ation de votre nom, etc...\" \/>\n<meta property=\"og:url\" content=\"https:\/\/crea-experience.com\/index.php\/identite-de-marque\/\" \/>\n<meta property=\"og:site_name\" content=\"Cr\u00e9a Exp\u00e9rience\" \/>\n<meta property=\"article:modified_time\" content=\"2021-05-01T16:44:00+00:00\" \/>\n<meta name=\"twitter:card\" content=\"summary_large_image\" \/>\n<script type=\"application\/ld+json\" class=\"yoast-schema-graph\">{\"@context\":\"https:\/\/schema.org\",\"@graph\":[{\"@type\":\"WebPage\",\"@id\":\"https:\/\/crea-experience.com\/index.php\/identite-de-marque\/\",\"url\":\"https:\/\/crea-experience.com\/index.php\/identite-de-marque\/\",\"name\":\"Cr\u00e9ation d'une identit\u00e9 de marque - Cr\u00e9a'Exp\u00e9rience\",\"isPartOf\":{\"@id\":\"https:\/\/crea-experience.com\/#website\"},\"datePublished\":\"2021-05-01T16:43:59+00:00\",\"dateModified\":\"2021-05-01T16:44:00+00:00\",\"description\":\"Cr\u00e9a'Exp\u00e9rience vous accompagne dans chaque \u00e9tape de la cr\u00e9ation de votre identit\u00e9 de marque : cr\u00e9ation de logo, cr\u00e9ation de votre nom, etc...\",\"breadcrumb\":{\"@id\":\"https:\/\/crea-experience.com\/index.php\/identite-de-marque\/#breadcrumb\"},\"inLanguage\":\"fr-FR\",\"potentialAction\":[{\"@type\":\"ReadAction\",\"target\":[\"https:\/\/crea-experience.com\/index.php\/identite-de-marque\/\"]}]},{\"@type\":\"BreadcrumbList\",\"@id\":\"https:\/\/crea-experience.com\/index.php\/identite-de-marque\/#breadcrumb\",\"itemListElement\":[{\"@type\":\"ListItem\",\"position\":1,\"name\":\"Accueil\",\"item\":\"https:\/\/crea-experience.com\/\"},{\"@type\":\"ListItem\",\"position\":2,\"name\":\"Identit\u00e9 de marque\"}]},{\"@type\":\"WebSite\",\"@id\":\"https:\/\/crea-experience.com\/#website\",\"url\":\"https:\/\/crea-experience.com\/\",\"name\":\"Cr\u00e9a Exp\u00e9rience\",\"description\":\"Communication, Marketing, Ev\u00e9nementiel, Hospitalit\u00e9s &amp; Conseil\",\"publisher\":{\"@id\":\"https:\/\/crea-experience.com\/#organization\"},\"potentialAction\":[{\"@type\":\"SearchAction\",\"target\":{\"@type\":\"EntryPoint\",\"urlTemplate\":\"https:\/\/crea-experience.com\/?s={search_term_string}\"},\"query-input\":\"required name=search_term_string\"}],\"inLanguage\":\"fr-FR\"},{\"@type\":\"Organization\",\"@id\":\"https:\/\/crea-experience.com\/#organization\",\"name\":\"Cr\u00e9a Exp\u00e9rience\",\"url\":\"https:\/\/crea-experience.com\/\",\"logo\":{\"@type\":\"ImageObject\",\"inLanguage\":\"fr-FR\",\"@id\":\"https:\/\/crea-experience.com\/#\/schema\/logo\/image\/\",\"url\":\"https:\/\/crea-experience.com\/wp-content\/uploads\/2021\/02\/Crea-experience-site-internet.svg\",\"contentUrl\":\"https:\/\/crea-experience.com\/wp-content\/uploads\/2021\/02\/Crea-experience-site-internet.svg\",\"caption\":\"Cr\u00e9a Exp\u00e9rience\"},\"image\":{\"@id\":\"https:\/\/crea-experience.com\/#\/schema\/logo\/image\/\"}}]}<\/script>\n<!-- \/ Yoast SEO plugin. -->","yoast_head_json":{"title":"Cr\u00e9ation d'une identit\u00e9 de marque - Cr\u00e9a'Exp\u00e9rience","description":"Cr\u00e9a'Exp\u00e9rience vous accompagne dans chaque \u00e9tape de la cr\u00e9ation de votre identit\u00e9 de marque : cr\u00e9ation de logo, cr\u00e9ation de votre nom, etc...","robots":{"index":"index","follow":"follow","max-snippet":"max-snippet:-1","max-image-preview":"max-image-preview:large","max-video-preview":"max-video-preview:-1"},"canonical":"https:\/\/crea-experience.com\/index.php\/identite-de-marque\/","og_locale":"fr_FR","og_type":"article","og_title":"Cr\u00e9ation d'une identit\u00e9 de marque - Cr\u00e9a'Exp\u00e9rience","og_description":"Cr\u00e9a'Exp\u00e9rience vous accompagne dans chaque \u00e9tape de la cr\u00e9ation de votre identit\u00e9 de marque : cr\u00e9ation de logo, cr\u00e9ation de votre nom, etc...","og_url":"https:\/\/crea-experience.com\/index.php\/identite-de-marque\/","og_site_name":"Cr\u00e9a Exp\u00e9rience","article_modified_time":"2021-05-01T16:44:00+00:00","twitter_card":"summary_large_image","schema":{"@context":"https:\/\/schema.org","@graph":[{"@type":"WebPage","@id":"https:\/\/crea-experience.com\/index.php\/identite-de-marque\/","url":"https:\/\/crea-experience.com\/index.php\/identite-de-marque\/","name":"Cr\u00e9ation d'une identit\u00e9 de marque - Cr\u00e9a'Exp\u00e9rience","isPartOf":{"@id":"https:\/\/crea-experience.com\/#website"},"datePublished":"2021-05-01T16:43:59+00:00","dateModified":"2021-05-01T16:44:00+00:00","description":"Cr\u00e9a'Exp\u00e9rience vous accompagne dans chaque \u00e9tape de la cr\u00e9ation de votre identit\u00e9 de marque : cr\u00e9ation de logo, cr\u00e9ation de votre nom, etc...","breadcrumb":{"@id":"https:\/\/crea-experience.com\/index.php\/identite-de-marque\/#breadcrumb"},"inLanguage":"fr-FR","potentialAction":[{"@type":"ReadAction","target":["https:\/\/crea-experience.com\/index.php\/identite-de-marque\/"]}]},{"@type":"BreadcrumbList","@id":"https:\/\/crea-experience.com\/index.php\/identite-de-marque\/#breadcrumb","itemListElement":[{"@type":"ListItem","position":1,"name":"Accueil","item":"https:\/\/crea-experience.com\/"},{"@type":"ListItem","position":2,"name":"Identit\u00e9 de marque"}]},{"@type":"WebSite","@id":"https:\/\/crea-experience.com\/#website","url":"https:\/\/crea-experience.com\/","name":"Cr\u00e9a Exp\u00e9rience","description":"Communication, Marketing, Ev\u00e9nementiel, Hospitalit\u00e9s &amp; Conseil","publisher":{"@id":"https:\/\/crea-experience.com\/#organization"},"potentialAction":[{"@type":"SearchAction","target":{"@type":"EntryPoint","urlTemplate":"https:\/\/crea-experience.com\/?s={search_term_string}"},"query-input":"required name=search_term_string"}],"inLanguage":"fr-FR"},{"@type":"Organization","@id":"https:\/\/crea-experience.com\/#organization","name":"Cr\u00e9a Exp\u00e9rience","url":"https:\/\/crea-experience.com\/","logo":{"@type":"ImageObject","inLanguage":"fr-FR","@id":"https:\/\/crea-experience.com\/#\/schema\/logo\/image\/","url":"https:\/\/crea-experience.com\/wp-content\/uploads\/2021\/02\/Crea-experience-site-internet.svg","contentUrl":"https:\/\/crea-experience.com\/wp-content\/uploads\/2021\/02\/Crea-experience-site-internet.svg","caption":"Cr\u00e9a Exp\u00e9rience"},"image":{"@id":"https:\/\/crea-experience.com\/#\/schema\/logo\/image\/"}}]}},"jetpack_sharing_enabled":true,"_links":{"self":[{"href":"https:\/\/crea-experience.com\/index.php\/wp-json\/wp\/v2\/pages\/924","targetHints":{"allow":["GET"]}}],"collection":[{"href":"https:\/\/crea-experience.com\/index.php\/wp-json\/wp\/v2\/pages"}],"about":[{"href":"https:\/\/crea-experience.com\/index.php\/wp-json\/wp\/v2\/types\/page"}],"author":[{"embeddable":true,"href":"https:\/\/crea-experience.com\/index.php\/wp-json\/wp\/v2\/users\/2"}],"replies":[{"embeddable":true,"href":"https:\/\/crea-experience.com\/index.php\/wp-json\/wp\/v2\/comments?post=924"}],"version-history":[{"count":1,"href":"https:\/\/crea-experience.com\/index.php\/wp-json\/wp\/v2\/pages\/924\/revisions"}],"predecessor-version":[{"id":926,"href":"https:\/\/crea-experience.com\/index.php\/wp-json\/wp\/v2\/pages\/924\/revisions\/926"}],"wp:attachment":[{"href":"https:\/\/crea-experience.com\/index.php\/wp-json\/wp\/v2\/media?parent=924"}],"curies":[{"name":"wp","href":"https:\/\/api.w.org\/{rel}","templated":true}]}}