{"id":107,"date":"2021-02-05T15:57:54","date_gmt":"2021-02-05T14:57:54","guid":{"rendered":"http:\/\/crea-experience.com\/index.php\/mon-compte\/"},"modified":"2021-04-17T19:36:05","modified_gmt":"2021-04-17T17:36:05","slug":"mon-compte","status":"publish","type":"page","link":"https:\/\/crea-experience.com\/index.php\/mon-compte\/","title":{"rendered":"Contact"},"content":{"rendered":"<p><img decoding=\"async\" width=\"1024\" height=\"1024\" src=\"https:\/\/crea-experience.com\/wp-content\/uploads\/2021\/04\/undraw_personal_email_t7nw.svg\" alt=\"\" loading=\"lazy\" srcset=\"https:\/\/crea-experience.com\/wp-content\/uploads\/\/2021\/04\/undraw_personal_email_t7nw.svg 150w, https:\/\/crea-experience.com\/wp-content\/uploads\/\/2021\/04\/undraw_personal_email_t7nw.svg 300w, https:\/\/crea-experience.com\/wp-content\/uploads\/\/2021\/04\/undraw_personal_email_t7nw.svg 1024w\" sizes=\"auto, (max-width: 1024px) 100vw, 1024px\" \/>\t\t\t\t\t\t\t\t\t\t\t<\/p>\n<h2>Nous contacter<\/h2>\n<div class=\"wpforms-container wpforms-container-full\" id=\"wpforms-158\"><form id=\"wpforms-form-158\" class=\"wpforms-validate wpforms-form\" data-formid=\"158\" method=\"post\" enctype=\"multipart\/form-data\" action=\"\/index.php\/wp-json\/wp\/v2\/pages\/107\" data-token=\"2cd69541169d879273126ae7b8c5ca7c\"><noscript class=\"wpforms-error-noscript\">Veuillez activer JavaScript dans votre navigateur pour remplir ce formulaire.<\/noscript><div class=\"wpforms-field-container\"><div id=\"wpforms-158-field_3-container\" class=\"wpforms-field wpforms-field-text\" data-field-id=\"3\"><label class=\"wpforms-field-label\" for=\"wpforms-158-field_3\">Soci\u00e9t\u00e9 <span class=\"wpforms-required-label\">*<\/span><\/label><input type=\"text\" id=\"wpforms-158-field_3\" class=\"wpforms-field-medium wpforms-field-required\" name=\"wpforms[fields][3]\" required><\/div><div id=\"wpforms-158-field_0-container\" class=\"wpforms-field wpforms-field-name\" data-field-id=\"0\"><label class=\"wpforms-field-label\" for=\"wpforms-158-field_0\">Pr\u00e9nom &amp; Nom :  <span class=\"wpforms-required-label\">*<\/span><\/label><input type=\"text\" id=\"wpforms-158-field_0\" class=\"wpforms-field-medium wpforms-field-required\" name=\"wpforms[fields][0]\" required><\/div><div id=\"wpforms-158-field_1-container\" class=\"wpforms-field wpforms-field-email\" data-field-id=\"1\"><label class=\"wpforms-field-label\" for=\"wpforms-158-field_1\">E-mail <span class=\"wpforms-required-label\">*<\/span><\/label><input type=\"email\" id=\"wpforms-158-field_1\" class=\"wpforms-field-medium wpforms-field-required\" name=\"wpforms[fields][1]\" spellcheck=\"false\" required><\/div><div id=\"wpforms-158-field_8-container\" class=\"wpforms-field wpforms-field-number\" data-field-id=\"8\"><label class=\"wpforms-field-label\" for=\"wpforms-158-field_8\">Num\u00e9ro de t\u00e9l\u00e9phone <span class=\"wpforms-required-label\">*<\/span><\/label><input type=\"number\" pattern=\"\\d*\" id=\"wpforms-158-field_8\" class=\"wpforms-field-medium wpforms-field-required\" name=\"wpforms[fields][8]\" required><\/div><div id=\"wpforms-158-field_4-container\" class=\"wpforms-field wpforms-field-select wpforms-field-select-style-modern\" data-field-id=\"4\"><label class=\"wpforms-field-label\" for=\"wpforms-158-field_4\">Objet <span class=\"wpforms-required-label\">*<\/span><\/label><select id=\"wpforms-158-field_4\" class=\"wpforms-field-medium wpforms-field-required choicesjs-select\" data-size-class=\"wpforms-field-row wpforms-field-medium\" data-search-enabled=\"\" name=\"wpforms[fields][4]\" required=\"required\"><option value=\"\" class=\"placeholder\" disabled  selected='selected'>Projet &quot;Communication \/ Marketing&#039;<\/option><option value=\"Projet &quot;Communication \/ Marketing&#039;\" >Projet &quot;Communication \/ Marketing&#039;<\/option><option value=\"Organisation d&#039;\u00e9v\u00e9nements \" >Organisation d&#039;\u00e9v\u00e9nements <\/option><option value=\"Conseil \/ Audit \" >Conseil \/ Audit <\/option><option value=\"Recrutement \" >Recrutement <\/option><option value=\"Partenariat \" >Partenariat <\/option><option value=\"Autres\" >Autres<\/option><\/select><\/div><div id=\"wpforms-158-field_2-container\" class=\"wpforms-field wpforms-field-textarea\" data-field-id=\"2\"><label class=\"wpforms-field-label\" for=\"wpforms-158-field_2\">Commentaire ou message <span class=\"wpforms-required-label\">*<\/span><\/label><textarea id=\"wpforms-158-field_2\" class=\"wpforms-field-medium wpforms-field-required\" name=\"wpforms[fields][2]\" required><\/textarea><\/div><\/div><!-- .wpforms-field-container --><div class=\"wpforms-submit-container\" ><input type=\"hidden\" name=\"wpforms[id]\" value=\"158\"><input type=\"hidden\" name=\"wpforms[author]\" value=\"2\"><button type=\"submit\" name=\"wpforms[submit]\" id=\"wpforms-submit-158\" class=\"wpforms-submit\" data-alt-text=\"Envoi...\" data-submit-text=\"Envoyer\" aria-live=\"assertive\" value=\"wpforms-submit\">Envoyer<\/button><\/div><\/form><\/div>  <!-- .wpforms-container -->\n","protected":false},"excerpt":{"rendered":"<p>Nous contacter<\/p>\n","protected":false},"author":2,"featured_media":0,"parent":0,"menu_order":0,"comment_status":"closed","ping_status":"closed","template":"","meta":{"inline_featured_image":false,"ocean_post_layout":"","ocean_both_sidebars_style":"","ocean_both_sidebars_content_width":0,"ocean_both_sidebars_sidebars_width":0,"ocean_sidebar":"0","ocean_second_sidebar":"0","ocean_disable_margins":"enable","ocean_add_body_class":"","ocean_shortcode_before_top_bar":"","ocean_shortcode_after_top_bar":"","ocean_shortcode_before_header":"","ocean_shortcode_after_header":"","ocean_has_shortcode":"","ocean_shortcode_after_title":"","ocean_shortcode_before_footer_widgets":"","ocean_shortcode_after_footer_widgets":"","ocean_shortcode_before_footer_bottom":"","ocean_shortcode_after_footer_bottom":"","ocean_display_top_bar":"default","ocean_display_header":"default","ocean_header_style":"","ocean_center_header_left_menu":"0","ocean_custom_header_template":"0","ocean_custom_logo":0,"ocean_custom_retina_logo":0,"ocean_custom_logo_max_width":0,"ocean_custom_logo_tablet_max_width":0,"ocean_custom_logo_mobile_max_width":0,"ocean_custom_logo_max_height":0,"ocean_custom_logo_tablet_max_height":0,"ocean_custom_logo_mobile_max_height":0,"ocean_header_custom_menu":"0","ocean_menu_typo_font_family":"0","ocean_menu_typo_font_subset":"","ocean_menu_typo_font_size":0,"ocean_menu_typo_font_size_tablet":0,"ocean_menu_typo_font_size_mobile":0,"ocean_menu_typo_font_size_unit":"px","ocean_menu_typo_font_weight":"","ocean_menu_typo_font_weight_tablet":"","ocean_menu_typo_font_weight_mobile":"","ocean_menu_typo_transform":"","ocean_menu_typo_transform_tablet":"","ocean_menu_typo_transform_mobile":"","ocean_menu_typo_line_height":0,"ocean_menu_typo_line_height_tablet":0,"ocean_menu_typo_line_height_mobile":0,"ocean_menu_typo_line_height_unit":"","ocean_menu_typo_spacing":0,"ocean_menu_typo_spacing_tablet":0,"ocean_menu_typo_spacing_mobile":0,"ocean_menu_typo_spacing_unit":"","ocean_menu_link_color":"","ocean_menu_link_color_hover":"","ocean_menu_link_color_active":"","ocean_menu_link_background":"","ocean_menu_link_hover_background":"","ocean_menu_link_active_background":"","ocean_menu_social_links_bg":"","ocean_menu_social_hover_links_bg":"","ocean_menu_social_links_color":"","ocean_menu_social_hover_links_color":"","ocean_disable_title":"default","ocean_disable_heading":"default","ocean_post_title":"","ocean_post_subheading":"","ocean_post_title_style":"","ocean_post_title_background_color":"","ocean_post_title_background":0,"ocean_post_title_bg_image_position":"","ocean_post_title_bg_image_attachment":"","ocean_post_title_bg_image_repeat":"","ocean_post_title_bg_image_size":"","ocean_post_title_height":0,"ocean_post_title_bg_overlay":0.5,"ocean_post_title_bg_overlay_color":"","ocean_disable_breadcrumbs":"default","ocean_breadcrumbs_color":"","ocean_breadcrumbs_separator_color":"","ocean_breadcrumbs_links_color":"","ocean_breadcrumbs_links_hover_color":"","ocean_display_footer_widgets":"default","ocean_display_footer_bottom":"default","ocean_custom_footer_template":"0","footnotes":""},"class_list":["post-107","page","type-page","status-publish","hentry","entry"],"yoast_head":"<!-- This site is optimized with the Yoast SEO plugin v21.5 - https:\/\/yoast.com\/wordpress\/plugins\/seo\/ -->\n<title>Contact - Cr\u00e9a Exp\u00e9rience<\/title>\n<meta name=\"robots\" content=\"index, follow, max-snippet:-1, max-image-preview:large, max-video-preview:-1\" \/>\n<link rel=\"canonical\" href=\"https:\/\/crea-experience.com\/index.php\/mon-compte\/\" \/>\n<meta property=\"og:locale\" content=\"fr_FR\" \/>\n<meta property=\"og:type\" content=\"article\" \/>\n<meta property=\"og:title\" content=\"Contact - Cr\u00e9a Exp\u00e9rience\" \/>\n<meta property=\"og:description\" content=\"Nous contacter\" \/>\n<meta property=\"og:url\" content=\"https:\/\/crea-experience.com\/index.php\/mon-compte\/\" \/>\n<meta property=\"og:site_name\" content=\"Cr\u00e9a Exp\u00e9rience\" \/>\n<meta property=\"article:modified_time\" content=\"2021-04-17T17:36:05+00:00\" \/>\n<meta property=\"og:image\" content=\"http:\/\/crea-experience.com\/wp-content\/uploads\/2021\/04\/undraw_personal_email_t7nw.svg\" \/>\n<meta name=\"twitter:card\" content=\"summary_large_image\" \/>\n<script type=\"application\/ld+json\" class=\"yoast-schema-graph\">{\"@context\":\"https:\/\/schema.org\",\"@graph\":[{\"@type\":\"WebPage\",\"@id\":\"https:\/\/crea-experience.com\/index.php\/mon-compte\/\",\"url\":\"https:\/\/crea-experience.com\/index.php\/mon-compte\/\",\"name\":\"Contact - Cr\u00e9a Exp\u00e9rience\",\"isPartOf\":{\"@id\":\"https:\/\/crea-experience.com\/#website\"},\"datePublished\":\"2021-02-05T14:57:54+00:00\",\"dateModified\":\"2021-04-17T17:36:05+00:00\",\"breadcrumb\":{\"@id\":\"https:\/\/crea-experience.com\/index.php\/mon-compte\/#breadcrumb\"},\"inLanguage\":\"fr-FR\",\"potentialAction\":[{\"@type\":\"ReadAction\",\"target\":[\"https:\/\/crea-experience.com\/index.php\/mon-compte\/\"]}]},{\"@type\":\"BreadcrumbList\",\"@id\":\"https:\/\/crea-experience.com\/index.php\/mon-compte\/#breadcrumb\",\"itemListElement\":[{\"@type\":\"ListItem\",\"position\":1,\"name\":\"Accueil\",\"item\":\"https:\/\/crea-experience.com\/\"},{\"@type\":\"ListItem\",\"position\":2,\"name\":\"Contact\"}]},{\"@type\":\"WebSite\",\"@id\":\"https:\/\/crea-experience.com\/#website\",\"url\":\"https:\/\/crea-experience.com\/\",\"name\":\"Cr\u00e9a Exp\u00e9rience\",\"description\":\"Communication, Marketing, Ev\u00e9nementiel, Hospitalit\u00e9s &amp; Conseil\",\"publisher\":{\"@id\":\"https:\/\/crea-experience.com\/#organization\"},\"potentialAction\":[{\"@type\":\"SearchAction\",\"target\":{\"@type\":\"EntryPoint\",\"urlTemplate\":\"https:\/\/crea-experience.com\/?s={search_term_string}\"},\"query-input\":\"required name=search_term_string\"}],\"inLanguage\":\"fr-FR\"},{\"@type\":\"Organization\",\"@id\":\"https:\/\/crea-experience.com\/#organization\",\"name\":\"Cr\u00e9a Exp\u00e9rience\",\"url\":\"https:\/\/crea-experience.com\/\",\"logo\":{\"@type\":\"ImageObject\",\"inLanguage\":\"fr-FR\",\"@id\":\"https:\/\/crea-experience.com\/#\/schema\/logo\/image\/\",\"url\":\"https:\/\/crea-experience.com\/wp-content\/uploads\/2021\/02\/Crea-experience-site-internet.svg\",\"contentUrl\":\"https:\/\/crea-experience.com\/wp-content\/uploads\/2021\/02\/Crea-experience-site-internet.svg\",\"caption\":\"Cr\u00e9a Exp\u00e9rience\"},\"image\":{\"@id\":\"https:\/\/crea-experience.com\/#\/schema\/logo\/image\/\"}}]}<\/script>\n<!-- \/ Yoast SEO plugin. -->","yoast_head_json":{"title":"Contact - Cr\u00e9a Exp\u00e9rience","robots":{"index":"index","follow":"follow","max-snippet":"max-snippet:-1","max-image-preview":"max-image-preview:large","max-video-preview":"max-video-preview:-1"},"canonical":"https:\/\/crea-experience.com\/index.php\/mon-compte\/","og_locale":"fr_FR","og_type":"article","og_title":"Contact - Cr\u00e9a Exp\u00e9rience","og_description":"Nous contacter","og_url":"https:\/\/crea-experience.com\/index.php\/mon-compte\/","og_site_name":"Cr\u00e9a Exp\u00e9rience","article_modified_time":"2021-04-17T17:36:05+00:00","og_image":[{"url":"http:\/\/crea-experience.com\/wp-content\/uploads\/2021\/04\/undraw_personal_email_t7nw.svg"}],"twitter_card":"summary_large_image","schema":{"@context":"https:\/\/schema.org","@graph":[{"@type":"WebPage","@id":"https:\/\/crea-experience.com\/index.php\/mon-compte\/","url":"https:\/\/crea-experience.com\/index.php\/mon-compte\/","name":"Contact - Cr\u00e9a Exp\u00e9rience","isPartOf":{"@id":"https:\/\/crea-experience.com\/#website"},"datePublished":"2021-02-05T14:57:54+00:00","dateModified":"2021-04-17T17:36:05+00:00","breadcrumb":{"@id":"https:\/\/crea-experience.com\/index.php\/mon-compte\/#breadcrumb"},"inLanguage":"fr-FR","potentialAction":[{"@type":"ReadAction","target":["https:\/\/crea-experience.com\/index.php\/mon-compte\/"]}]},{"@type":"BreadcrumbList","@id":"https:\/\/crea-experience.com\/index.php\/mon-compte\/#breadcrumb","itemListElement":[{"@type":"ListItem","position":1,"name":"Accueil","item":"https:\/\/crea-experience.com\/"},{"@type":"ListItem","position":2,"name":"Contact"}]},{"@type":"WebSite","@id":"https:\/\/crea-experience.com\/#website","url":"https:\/\/crea-experience.com\/","name":"Cr\u00e9a Exp\u00e9rience","description":"Communication, Marketing, Ev\u00e9nementiel, Hospitalit\u00e9s &amp; Conseil","publisher":{"@id":"https:\/\/crea-experience.com\/#organization"},"potentialAction":[{"@type":"SearchAction","target":{"@type":"EntryPoint","urlTemplate":"https:\/\/crea-experience.com\/?s={search_term_string}"},"query-input":"required name=search_term_string"}],"inLanguage":"fr-FR"},{"@type":"Organization","@id":"https:\/\/crea-experience.com\/#organization","name":"Cr\u00e9a Exp\u00e9rience","url":"https:\/\/crea-experience.com\/","logo":{"@type":"ImageObject","inLanguage":"fr-FR","@id":"https:\/\/crea-experience.com\/#\/schema\/logo\/image\/","url":"https:\/\/crea-experience.com\/wp-content\/uploads\/2021\/02\/Crea-experience-site-internet.svg","contentUrl":"https:\/\/crea-experience.com\/wp-content\/uploads\/2021\/02\/Crea-experience-site-internet.svg","caption":"Cr\u00e9a Exp\u00e9rience"},"image":{"@id":"https:\/\/crea-experience.com\/#\/schema\/logo\/image\/"}}]}},"jetpack_sharing_enabled":true,"_links":{"self":[{"href":"https:\/\/crea-experience.com\/index.php\/wp-json\/wp\/v2\/pages\/107","targetHints":{"allow":["GET"]}}],"collection":[{"href":"https:\/\/crea-experience.com\/index.php\/wp-json\/wp\/v2\/pages"}],"about":[{"href":"https:\/\/crea-experience.com\/index.php\/wp-json\/wp\/v2\/types\/page"}],"author":[{"embeddable":true,"href":"https:\/\/crea-experience.com\/index.php\/wp-json\/wp\/v2\/users\/2"}],"replies":[{"embeddable":true,"href":"https:\/\/crea-experience.com\/index.php\/wp-json\/wp\/v2\/comments?post=107"}],"version-history":[{"count":89,"href":"https:\/\/crea-experience.com\/index.php\/wp-json\/wp\/v2\/pages\/107\/revisions"}],"predecessor-version":[{"id":943,"href":"https:\/\/crea-experience.com\/index.php\/wp-json\/wp\/v2\/pages\/107\/revisions\/943"}],"wp:attachment":[{"href":"https:\/\/crea-experience.com\/index.php\/wp-json\/wp\/v2\/media?parent=107"}],"curies":[{"name":"wp","href":"https:\/\/api.w.org\/{rel}","templated":true}]}}